{"id":296,"date":"2020-09-30T03:04:46","date_gmt":"2020-09-30T03:04:46","guid":{"rendered":"http:\/\/riihiklapi.com\/?page_id=296"},"modified":"2022-10-03T08:47:46","modified_gmt":"2022-10-03T08:47:46","slug":"home","status":"publish","type":"page","link":"https:\/\/riihiklapi.com\/","title":{"rendered":"Etusivu"},"content":{"rendered":"\n<div class=\"wp-block-columns is-layout-flex wp-container-5\">\n<div class=\"wp-block-column is-layout-flow\" style=\"flex-basis:100%\">\n<div class=\"wp-block-cover alignwide is-light\" style=\"min-height:100vh\"><span aria-hidden=\"true\" class=\"wp-block-cover__background has-background-dim\"><\/span><img decoding=\"async\" loading=\"lazy\" width=\"2560\" height=\"1920\" class=\"wp-block-cover__image-background wp-image-811\" alt=\"\" src=\"https:\/\/riihiklapi.com\/wp-content\/uploads\/2022\/10\/20220719_205302-scaled.jpg\" data-object-fit=\"cover\" srcset=\"https:\/\/riihiklapi.com\/wp-content\/uploads\/2022\/10\/20220719_205302-scaled.jpg 2560w, https:\/\/riihiklapi.com\/wp-content\/uploads\/2022\/10\/20220719_205302-300x225.jpg 300w, https:\/\/riihiklapi.com\/wp-content\/uploads\/2022\/10\/20220719_205302-1024x768.jpg 1024w, https:\/\/riihiklapi.com\/wp-content\/uploads\/2022\/10\/20220719_205302-768x576.jpg 768w, https:\/\/riihiklapi.com\/wp-content\/uploads\/2022\/10\/20220719_205302-1536x1152.jpg 1536w, https:\/\/riihiklapi.com\/wp-content\/uploads\/2022\/10\/20220719_205302-2048x1536.jpg 2048w\" sizes=\"(max-width: 2560px) 100vw, 2560px\" \/><div class=\"wp-block-cover__inner-container\">\n<div class=\"wp-block-columns is-layout-flex wp-container-3\">\n<div class=\"wp-block-column is-layout-flow\" style=\"flex-basis:66.66%\">\n<h1 class=\"has-white-color has-text-color wp-block-heading\">Polttopuuta Riihim\u00e4elt\u00e4<\/h1>\n\n\n\n<p class=\"has-text-color\" style=\"color:#dbddee\">Myymme Riihim\u00e4ell\u00e4 ja sen l\u00e4hialueella kasvaneesta puusta tuotettua polttopuuta<\/p>\n\n\n\n<div class=\"wp-block-buttons is-layout-flex\">\n<div class=\"wp-block-button\"><a class=\"wp-block-button__link\" href=\"https:\/\/riihiklapi.com\/?page_id=298\">Hinnasto<\/a><\/div>\n\n\n\n<div class=\"wp-block-button\"><a class=\"wp-block-button__link\" href=\"https:\/\/riihiklapi.com\/?page_id=300\">Yhteystiedot<\/a><\/div>\n<\/div>\n<\/div>\n<\/div>\n\n\n\n<p><\/p>\n<\/div><\/div>\n<\/div>\n<\/div>\n\n\n\n<p><\/p>\n","protected":false},"excerpt":{"rendered":"","protected":false},"author":1,"featured_media":0,"parent":0,"menu_order":0,"comment_status":"closed","ping_status":"closed","template":"","meta":{"om_disable_all_campaigns":false,"_mi_skip_tracking":false,"_monsterinsights_sitenote_active":false,"_monsterinsights_sitenote_note":"","_monsterinsights_sitenote_category":0},"aioseo_notices":[],"_links":{"self":[{"href":"https:\/\/riihiklapi.com\/index.php?rest_route=\/wp\/v2\/pages\/296"}],"collection":[{"href":"https:\/\/riihiklapi.com\/index.php?rest_route=\/wp\/v2\/pages"}],"about":[{"href":"https:\/\/riihiklapi.com\/index.php?rest_route=\/wp\/v2\/types\/page"}],"author":[{"embeddable":true,"href":"https:\/\/riihiklapi.com\/index.php?rest_route=\/wp\/v2\/users\/1"}],"replies":[{"embeddable":true,"href":"https:\/\/riihiklapi.com\/index.php?rest_route=%2Fwp%2Fv2%2Fcomments&post=296"}],"version-history":[{"count":28,"href":"https:\/\/riihiklapi.com\/index.php?rest_route=\/wp\/v2\/pages\/296\/revisions"}],"predecessor-version":[{"id":816,"href":"https:\/\/riihiklapi.com\/index.php?rest_route=\/wp\/v2\/pages\/296\/revisions\/816"}],"wp:attachment":[{"href":"https:\/\/riihiklapi.com\/index.php?rest_route=%2Fwp%2Fv2%2Fmedia&parent=296"}],"curies":[{"name":"wp","href":"https:\/\/api.w.org\/{rel}","templated":true}]}}